at is the units digit of l?
6
Suppose 841*a + 2710 = 846*a. What is the tens digit of a?
4
Let s(o) = -2*o**2 - 6*o - 213. Let f(a) = a**2 + 3*a + 106. Let h(w) = 13*f(w) + 6*s(w). What is the units digit of h(0)?
0
Suppose -d - 12 = -15. What is the hundreds digit of 350 + -16 - (-1 + d)?
3
Let a = 309 + -197. What is the hundreds digit of a?
1
Suppose 5*l + 13392 = 5*j - 3358, l = 3*j - 10040. What is the tens digit of j?
4
Let m be ((-2)/7 + 60/14)*-2. Let o(d) = -d**3 - 7*d**2 + d - 6. What is the units digit of o(m)?
0
Let q be -4*3/6 + 738. Suppose q = 2*v + 2*v. Suppose 0 = -4*o + 2*h + v, 7*h - 32 = -o + 4*h. What is the tens digit of o?
4
What is the units digit of 132/220 + ((-2907)/(-5) - 1)?
1
Suppose -9*u + 13*u + 4*p = 1520, 0 = u + 3*p - 376. What is the hundreds digit of u?
3
What is the units digit of ((-595)/28 + -1)*-20?
5
Let r be (1 + 9)*(1 - (-17 + 4)). Suppose -3*s - r - 119 = -w, 0 = 3*s + 15. What is the units digit of w?
4
Suppose 3*n - 6*n - 18 = 0. Let w = n - -6. Suppose w = -4*r + 88 - 12. What is the units digit of r?
9
Let l = 323 + -195. Let s be (l/(-24))/((-1)/3). Suppose -2*p + s = -4*o - 0*o, 4*p - 10 = -3*o. What is the units digit of p?
4
Suppose -2*o = 5*x + 3*o, 2*x = 4*o + 30. Suppose -x*z + 416 = 4*r - z, 4 = z. What is the tens digit of r?
0
Let k be ((-1)/(-2))/((-12)/(-72)). Let z(w) = -11*w**3 - k*w + 7*w**3 + 6 + 5*w**3 - 6*w**2. What is the units digit of z(7)?
4
Let m be 1 + (-5)/((-10)/(-28)). Let y(l) = 11 + 7 - 35 - 2*l + 8. What is the tens digit of y(m)?
1
Suppose -5*d + 24 = -2*d - 3*o, 3*d = 2*o + 27. Let b = -10 + d. Suppose -b = -g + 1. What is the units digit of g?
2
Let h(d) be the third derivative of 5*d**4/24 - d**3 + 12*d**2. What is the units digit of h(11)?
9
What is the tens digit of 36/54 - 5370/(-18)?
9
Let z(c) = c**3 + 12*c**2 + 9*c - 8. Let t be z(-11). Suppose -t = -5*p + 6. Suppose -3*g - p = -76. What is the tens digit of g?
2
Let s(m) = 34*m**2 - 10*m + 10. What is the hundreds digit of s(5)?
8
What is the hundreds digit of 534 + (9 - (-2 - -21))?
5
Suppose -2*j + 3*u = -6176, -u - 9008 = -5*j + 6432. What is the hundreds digit of j?
0
Suppose -7*z = z - 8. What is the tens digit of (4/(-10))/(z/(-45))?
1
Let o(z) = 15*z**2 - 1. Let g be o(-1). Let h(k) = -k**2 + 14*k + 34. What is the units digit of h(g)?
4
Suppose -11955 = -5*f + 4*c, 0 = 5*f - 3*c + 4194 - 16149. What is the thousands digit of f?
2
Let i = -4357 + 8262. What is the thousands digit of i?
3
Let a(j) be the third derivative of -j**6/120 + 9*j**5/20 + j**4/6 - 20*j**3/3 + 23*j**2. What is the units digit of a(27)?
8
Let n be (-5)/2*28/(-35). Suppose -n*d - 2*d + 96 = 0. Suppose -2*i + 2*u = -d, i + u = -4*i + 54. What is the units digit of i?
1
Let w be (-2)/(2*-2*(-2)/(-16)). Suppose 4*v = -w*r + 3*r + 79, 3*v = -5*r + 38. What is the tens digit of v?
2
What is the units digit of 1/(-5) - (-358992)/135?
9
Let b = -69 - -396. What is the units digit of b?
7
Let f = 42 + -45. What is the tens digit of 5*(-3 + (-2 - -15) - f)?
6
Suppose 4*k - 18 = f, -8 - 5 = -k - 4*f. Suppose 2*i = 1 + k. What is the tens digit of 3 - (i - -16)/(-1)?
2
Suppose 5892 = -173*t + 179*t. What is the tens digit of t?
8
Let u(w) = -2*w + 2. Let c be u(-4). Let h = c - 6. Suppose 0 = 2*i - 4*l - 40, 3*l - 2*l = h. What is the units digit of i?
8
Let n(y) = -y - 2. Suppose 6*b + 21 = 3*b. Let x be n(b). Let a = x + 33. What is the units digit of a?
8
Let j(c) = c**2 + 4*c + 4. Let y be j(-4). Let i be y/(-8) - (-123)/(-6). Let s = i - -35. What is the units digit of s?
4
Let z(u) = 6*u**2 - 2*u - 12. Let a be z(-5). Suppose 0 = -0*q - 4*q + a. What is the tens digit of q?
3
Let x = -586 + 1044. What is the hundreds digit of x?
4
Let p(s) = -s**3 + 12*s**2 + 14*s - 12. What is the units digit of p(11)?
3
Let r(c) = -c**3 + 6*c**2 - 6*c - 3. Let a be r(5). Let i(k) = -3*k**3 + 0 + 4*k**2 + 2*k**3 - k - 4 - 12*k**2. What is the units digit of i(a)?
4
Suppose 3*x = 3*d - 57, 100 = -2*x - 3*x + 4*d. Let u be (1 - 10)*16/x. Let z(v) = 6*v - 11. What is the tens digit of z(u)?
2
Suppose -2*z = 0, -g + 5*z = -36 - 111. Suppose 3*n = -3*w + 213 + g, 0 = 4*n - 4*w - 456. What is the units digit of n?
7
Suppose -16 = u - 44. Suppose -2*k - 48 = -4*k. Let c = u - k. What is the units digit of c?
4
Suppose -6 = 3*r - 2*r - 5*w, -5*r + 5*w - 10 = 0. Let n be 1 - r - (-10 + -9). Let g = n - 10. What is the tens digit of g?
1
Suppose -156*i + 60*i = -85632. What is the units digit of i?
2
Suppose -5*j + 36912 = 19*j. What is the units digit of j?
8
Let n(d) = 2*d**2 + 29*d - 245. What is the units digit of n(11)?
6
Let x(j) = -5*j**2 - 3*j + 3120. What is the tens digit of x(0)?
2
Suppose 0 = 2*z + z + 36. Let v = 15 + z. Suppose -v*g + 53 + 10 = 0. What is the tens digit of g?
2
What is the tens digit of (19/(-38))/(1/(-290))?
4
Suppose 0 = 7*v - 45 - 11. Suppose -v*p + 280 = -768. What is the tens digit of p?
3
Let k(v) = 5*v**2 - 2*v + 1. Let s be k(1). Suppose 4*h - 8 = s. Suppose -5*a + 4*j = -110, -2*a - h*j + 61 = -8*j. What is the units digit of a?
8
Let w(j) = 6*j - 22. Let q be w(3). Let k(l) = l + 1. Let n(a) = a**2 + a. Let v(z) = -5*k(z) + 4*n(z). What is the units digit of v(q)?
3
Let i be -13 + -5*8/(-10). What is the tens digit of (i/6)/((-9)/348)?
5
Let u be -42 + 3*4/(-4). Let o be 7/(-5) - (-27)/u. What is the tens digit of ((-12)/8 - o)*44?
2
Suppose g + 355 = -2*p + 1766, 5629 = 4*g + 5*p. What is the thousands digit of g?
1
Let d = 4705 - 3240. What is the thousands digit of d?
1
What is the units digit of (13/(52/(-32)))/((-2)/8)?
2
Let s = -437 - -802. What is the tens digit of s?
6
Suppose 0*r + 16 = r. Suppose r = 2*h - 10. What is the tens digit of h?
1
Suppose 0 = m + 2 - 38. Let h = m + -34. Suppose -5*z + 4*p = -136, 28 = z - h*p + p. What is the units digit of z?
4
Let a be 4 + 1/1*1. Let d be (-16)/40 - (-17)/5. Suppose d*j - a*c = 91, 0 = -4*j + c - 2*c + 129. What is the units digit of j?
2
Let j = 47 - 164. Let p = j + 283. What is the units digit of p?
6
Let k(w) = -w**2 - 9*w - 5. Let v be k(-8). Suppose -u - 517 = -v*y, -y - 4*y + 875 = 5*u. What is the units digit of y?
3
What is the units digit of (-7420)/(-6) + 61/183?
7
Suppose -5*a + 2278 + 347 = 0. What is the units digit of a?
5
Suppose 3*o - 702 = 12. Suppose -4*i + 6*i = o. What is the tens digit of i?
1
Let b = 10 - 7. Suppose -77 - 34 = -b*q. What is the units digit of q?
7
Let k be (-4)/(7 + -3)*-40. Suppose 11 = s - k. What is the tens digit of s?
5
Let f be 9/12 - 6/8. Let d be 2 + 2 + -2 + f. Suppose -5*u + 4*r = -31, -d*u - r + 16 = r. What is the units digit of u?
7
Let w(g) = g**2 - 5*g + 5. Let c(p) = -8*p**2 - p + 1. Let u be c(1). Let b be (-4 + 2)*28/u. What is the tens digit of w(b)?
1
Suppose -4*q + 22*q + 144 = 0. Let k(b) = -13*b + 8 - 2 - b**2 + 1. What is the tens digit of k(q)?
4
Let d be (-15)/(-40)*-2 - (-5510)/8. Suppose 0 = 4*f - 4*c - 684, -3*f + 3*c + d = f. What is the units digit of f?
5
What is the hundreds digit of (4/(-10))/((-18)/125460) - 3?
7
Suppose 15 = -3*m + 3. What is the units digit of (-3530)/(-50) + m/(-10)?
1
Let h(c) = c + 5. Let x be h(-3). What is the tens digit of 2 - (-3 + -79 - x)?
8
What is the hundreds digit of -5 - -584 - 54/6?
5
Suppose -96 + 15 = 9*w. Let u(y) be the third derivative of y**6/120 + 2*y**5/15 - 11*y**4/24 - 7*y**3/6 + 3*y**2. What is the units digit of u(w)?
1
Let t be 56/(-24) + 3/9. Let h(j) = -46*j - 1. What is the units digit of h(t)?
1
Suppose -3*n + c + 786 = 0, 2*n + 11*c - 16*c = 537. What is the units digit of n?
1
Let o(x) = 3*x**2 + x - 12. Let n(k) = -k**2 + 4. Let t(y) = 11*n(y) + 4*o(y). Let l be t(-3). Let a = l - -13. What is the units digit of a?
6
Let b be 8/4 - -1 - -50. Let w be b - 2*4/(-8). Suppose 4*g + 3*i + 2*i - 99 = 0, -2*g - 4*i = -w. What is the units digit of g?
1
What is the hundreds digit of 22/(-209) - 54384/(-57)?
9
Let w be (16/(-4) - -4)/2. Let z be 3/(-2)*(-3 - 1). Suppose -p + z = -w*p. What is the units digit of p?
6
Let k = 2328 + -1236. What is the tens digit of k?
9
Let q(o) = 35*o + 5. Suppose -4*b - 20 = -4. Let f(u) = 17*u + 2. Let g(d) = b*q(d) + 9*f(d). What is the units digit of g(5)?
3
Suppose 5*h - 6 = -156. Let y = h - -33. Wh